?
True
Is 33822133133 a composite number?
True
Is 397468103 a composite number?
False
Is 20657412439 composite?
False
Is 65589554951 composite?
False
Is 844139731 prime?
True
Is 96438187 a prime number?
True
Is 2006860757 a prime number?
False
Is 1055157031 a composite number?
True
Is 43167520741 a composite number?
False
Is 192710561 a composite number?
False
Is 40509058939 prime?
True
Is 3330093391 a prime number?
False
Is 116468369 prime?
False
Is 126317729 a composite number?
False
Is 559613047 composite?
True
Is 556878767 a prime number?
False
Is 8018333353 a composite number?
False
Is 524442337 a prime number?
False
Is 278846257 a composite number?
True
Is 1018275499 composite?
True
Is 3150856429 prime?
False
Is 45609152119 a prime number?
False
Is 654991537 a composite number?
False
Is 74533858843 composite?
False
Is 43271817713 composite?
True
Is 5448360509 prime?
False
Is 950348969 a prime number?
False
Is 2727290011 prime?
False
Is 1920774379 a composite number?
False
Is 159364271291 prime?
False
Is 4491365429 composite?
False
Is 1453250557 a composite number?
True
Is 19491788819 composite?
False
Is 1413986347 a prime number?
False
Is 20945203387 composite?
False
Is 2583348793 a prime number?
True
Is 1024911571 a composite number?
False
Is 1515038471 composite?
False
Is 1311188269 composite?
False
Is 23842240817 prime?
True
Is 3243156947 a composite number?
False
Is 13675305041 a prime number?
True
Is 16411812931 prime?
True
Is 66567411737 a composite number?
False
Is 53257720141 a prime number?
False
Is 1755866033 composite?
False
Is 55630284274 a prime number?
False
Is 32139771 a composite number?
True
Is 15680801 prime?
True
Is 40104509933 composite?
False
Is 5408580629 prime?
False
Is 32204234801 a prime number?
False
Is 16241317143 a composite number?
True
Is 18296295239 composite?
True
Is 1070068807 a prime number?
True
Is 622593929 a composite number?
False
Is 384504193 a prime number?
False
Is 657043147 prime?
True
Is 1399567523 a composite number?
True
Is 15031023347 a composite number?
False
Is 418163507 a composite number?
False
Is 1140529861 a prime number?
False
Is 380483117 prime?
False
Is 1801921181 prime?
True
Is 1839641231 prime?
False
Is 339285191 a prime number?
False
Is 2438014867 composite?
False
Is 4687199513 composite?
False
Is 7952479505 a prime number?
False
Is 324178637 a prime number?
True
Is 486449167 composite?
True
Is 522725461 composite?
True
Is 2338765687 composite?
False
Is 2814555761 prime?
True
Is 120137499173 composite?
False
Is 64278023303 a composite number?
True
Is 3540345379 prime?
True
Is 2953278241 prime?
True
Is 3246531749 a composite number?
False
Is 8594803 a composite number?
True
Is 2076679351 prime?
False
Is 12027190645 a composite number?
True
Is 11217700387 a composite number?
False
Is 102936348089 a composite number?
True
Is 2870899729 a composite number?
False
Is 515572931 composite?
True
Is 13788977887 a composite number?
False
Is 57193862899 composite?
False
Is 20672141803 a composite number?
True
Is 10004183051 prime?
True
Is 5724520057 a prime number?
True
Is 7651396001 a composite number?
True
Is 98067397117 prime?
True
Is 31538114 prime?
False
Is 122460629591 composite?
True
Is 86419723283 a composite number?
False
Is 110148767 composite?
True
Is 107519153563 composite?
False
Is 41603470471 prime?
True
Is 343704949 composite?
True
Is 467314957 composite?
False
Is 2917645001 a composite number?
False
Is 1776291683 a prime number?
True
Is 191087389 a composite number?
True
Is 1813276849 a composite number?
True
Is 77252438531 composite?
False
Is 7844248259 a prime number?
True
Is 1257909035 composite?
True
Is 22665349027 a prime number?
False
Is 1768540999 a composite number?
False
Is 5946564541 a prime number?
False
Is 17127278083 a composite number?
True
Is 387950666 a prime number?
False
Is 279368131 composite?
True
Is 40423527229 a composite number?
False
Is 7615837291 a composite number?
True
Is 5706506299 a composite number?
True
Is 1012937531 prime?
True
Is 908914729 prime?
True
Is 3454542622 a prime number?
False
Is 2043154391 composite?
True
Is 75722482217 prime?
True
Is 2931413861 a composite number?
False
Is 102865099409 prime?
True
Is 94960172401 prime?
False
Is 2665031117 composite?
True
Is 1517353147 a composite number?
False
Is 25638811969 prime?
True
Is 405795529 a prime number?
False
Is 21393277481 composite?
False
Is 324544631 prime?
True
Is 1080077057 a prime number?
True
Is 907783813 composite?
False
Is 57194359637 a prime number?
False
Is 801383147 composite?
False
Is 53918920489 prime?
False
Is 18575866973 a prime number?
False
Is 121587249283 a composite number?
True
Is 10121203 prime?
False
Is 569087209 composite?
False
Is 1187283574007 a prime number?
True
Is 13904624393 a prime number?
False
Is 2350343041 composite?
True
Is 6289653511 a prime number?
False
Is 10008792515 a composite number?
True
Is 132247669 a composite number?
False
Is 1342719277 composite?
True
Is 84505195667 a composite number?
False
Is 83774129 a composite number?
False
Is 17275478063 a prime number?
False
Is 1526036701 a prime number?
False
Is 216744959 prime?
True
Is 900205023 composite?
True
Is 726783163 a composite number?
False
Is 2458819379 composite?
False
Is 1926548297 a composite number?
False
Is 3247453357 prime?
True
Is 28056402259 a prime number?
True
Is 1297579967 a composite number?
True
Is 5546720609 a prime number?
True
Is 83282884721 composite?
False
Is 153352831 a composite number?
False
Is 2977580009 composite?
False
Is 29583354233 prime?
True
Is 1035439243 a prime number?
True
Is 2076533353 prime?
True
Is 7801121411 a prime number?
False
Is 699875213 a composite number?
True
Is 117165771461 prime?
False
Is 5304934717 a composite number?
False
Is 237166157 a composite number?
False
Is 2096109679 a composite number?
False
Is 6228980749 a composite number?
False
Is 120696155 a composite number?
True
Is 266542019 prime?
False
Is 2282390113 composite?
False
Is 4786199293 a composite number?
False
Is 567204191 a prime number?
False
Is 2520641789 composite?
True
Is 493151387 composite?
True
Is 36827599859 composite?
False
Is 3199245757 prime?
False
Is 791777617 a composite number?
True
Is 19455475387 prime?
False
Is 193086107 composite?
True
Is 7912330115 prime?
False
Is 522524939 prime?
False
Is 15655494053 a prime number?
True
Is 9732413161 composite?
True
Is 4262397103 prime?
True
Is 4396793513 a composite number?
True
Is 754473611 a composite number?
False
Is 6697585967 a prime number?
True
Is 10645902923 a composite number?
True
Is 221640911 a composite number?
False
Is 993139739 prime?
False
Is 18316935353 composite?
False
Is 9097799869 composite?
True
Is 4920083859 a composite number?
True
Is 41375881343 a composite number?
True
Is 630218569 a prime number?
True
Is 8757145151 composite?
True
Is 23601334657 a composite number?
True
Is 15609274033 composite?
False
Is 2267562557 prime?
False
Is 1483625027 a composite number?
True
Is 2197710913 composite?
False
Is 56350226599 prime?
True
Is 3108808663 a composite number?
False
Is 4451898197 prime?
False
Is 71419658 prime?
False
Is 269014553 composite?
True
Is 98143177177 a prime number?
False
Is 172502513 prime?
True
Is 10174084849 a prime number?
True
Is 37193738339 prime?
True
Is 919112527 prime?
False
Is 12619145267 a composite number?
False
Is 165332689 a composite number?
False
Is 3282881887 a prime number?
True
Is 3572287153 a prime number?
False
Is 54556572937 composite?
False
Is 6225516631 composite?
False
Is 86580482081 prime?
True
Is 15347492507 prime?
True
Is 1343127299 a prime number?
False
Is 49197360865 composite?
True
Is 198655837 a composite number?
True
Is 14369476111 composite?
False
Is 8910250399 composite?
False
Is 2154062153 a prime number?
True
Is 24171253787 composite?
False
Is 7696776679 composite?
False
Is 10129368167 prime?
True
Is 360573911 prime?
True
Is 145065416473 composite?
True
Is 2405079669 composite?
True
Is 5956912763 composite?
True
Is 45670974677 a composite number?
True
Is 98268055889 a composite number?
False
Is 7758533953 prime?
False
Is 9122652607 a prime number?
False
Is 60259099543 a prime number?
False
Is 5757769249 a composite number?
True
Is 577283207 prime?
True
Is